5 - (4 - (1 + -2)).
18
Evaluate (142 + -78 - 78) + 1 + -18.
-31
What is 22 + -8 + -3 - -1?
12
What is 21 - (20 - 0) - (-2 + 1 - 2)?
4
What is the value of -13 - (-154 + 143 + (0 - 26))?
24
Calculate 10 - (-9 - (-20 + 8)).
7
8 + -2 - ((16 + -21 - -19) + -18)
10
Evaluate -15 + -18 - -14 - -22.
3
What is (-35 - (8 + (-4 - 9))) + 8?
-22
What is -4 - (-67 + 21 + 21)?
21
1 + -3 + 4 + (-8 - (0 + -6))
0
What is the value of 0 - (-5 - (-12 - -6 - 6))?
-7
What is -4 - ((0 - 0) + 4 + 56 + -53)?
-11
Evaluate (7 - 4) + 3 + (2 - 0) + -7.
1
What is (1 - 1) + -2 - (-4 - (15 + -3))?
14
What is (0 - -10) + -5 + -35 + 39?
9
15 - ((7 - -7) + -17 + -7)
25
Evaluate 0 + (-16 - (-9 - 4)) + 7 + 1.
5
Calculate 31 + -38 - (26 - 50).
17
What is the value of -1 + 25 + 3 + -8 + -5?
14
Calculate -3 - 4 - (41 + -53).
5
What is (0 - 3) + (-14 - -18) - 3 - 16?
-18
Calculate 0 + -2 - (10 + -12 - -27).
-27
Calculate (-14 - -4 - 8) + 3 + 33.
18
(-21 - -12) + 15 + (1 - -7)
14
Calculate 4 + 11 - 11 - -12.
16
What is the value of (-20 - -34) + (-13 - -1)?
2
What is 44 + (-22 + -4 + 7 - -9)?
34
(0 - -6 - (-6 + -2 + 7)) + -2
5
Calculate -8 + -13 - -18 - (9 - 3).
-9
Evaluate -13 + -12 + -19 + 13 + 0.
-31
What is (-46 - -13) + 25 + -1?
-9
26 + (5 - 1) - 52
-22
Calculate (3 - (11 - 0 - 1)) + 66 + -69.
-10
-47 + 95 - ((5 - -12) + -2)
33
1 + (-9 - 16) - -13
-11
Evaluate 1 + 12 + -22 + 6.
-3
What is the value of 4 + -1 - (-13 + (-21 - (-24 - -4)))?
17
0 + -2 + (3 - (6 + -1)) + -6
-10
What is -13 + -3 - (6 - (22 + -10))?
-10
What is 9 - (-14 - (-16 + 7 + -3) - -11)?
0
(3 + -33 - -1) + (-424 - -433)
-20
Evaluate (0 + 5 - (3 + 0)) + -19 + 5.
-12
What is the value of (-21 - -25) + (5 - (-3 + 11))?
1
Evaluate -48 + 56 - (2 + (-4 - -1) + 24).
-15
Calculate 16 - ((24 - 14) + 9).
-3
What is the value of -4 - (-4 - (10 + (1 - (14 + -7))))?
4
Evaluate -6 + 1 - (6 + -2 + -3).
-6
What is (14 - (1 + -12) - 8) + -4?
13
Evaluate -6 - (-21 + 7) - (4 - (1 + -1)).
4
Evaluate 0 + 40 + -1736 + 1685.
-11
What is 10 + 4 + -17 + (-2 - -16)?
11
Calculate 310 + -293 - (1 + 20).
-4
Calculate -27 - (-1 + -13) - -18.
5
12 + 2 - (1 - 4 - -12)
5
What is -8 + (-43 - -17 - -21)?
-13
What is 194 + -178 - (-2 + (-2 - -7))?
13
What is (0 - (23 - 9)) + 2?
-12
Evaluate (2 - (1 + 0 - 4)) + (-69 - -78).
14
Calculate -5 + (-2 - 6 - (1 - (12 - 7))).
-9
Evaluate -14 - -21 - (2 - 2 - 2).
9
Calculate (-12 + 29 - 34 - -5) + -5.
-17
5 + (-27 + -7 - -7 - -5)
-17
Evaluate (-1 - 5) + (19 - 5) + 4 - 7.
5
What is -1 + (2 + 10 - 7) - -2?
6
What is the value of -1 + -3 + -2 + -2 + -5 + 11?
-2
1 - 2 - (15 + -22)
6
What is (11 - (11 + 22)) + 5?
-17
What is the value of 7 + (-1 + -3 - (-29 + 16 - -7))?
9
What is -9 + 18 + 1 - 3?
7
(-1 - -7) + (-18 - (26 - 44))
6
What is the value of 8 - (-4 + -2 - -3 - (-13 + -5))?
-7
What is the value of 3 + (16 - 17 - -4)?
6
(-12 - 7) + (8 - (16 + -13))
-14
Calculate -15 + -22 - -18 - -18.
-1
What is the value of 11 - 14 - 7 - -6?
-4
Calculate (-13 - (-8 - 9)) + (0 - 12).
-8
Calculate (18 - 38) + 2 - (2 - 0).
-20
3 + -4 + -15 + 9
-7
-12 + 16 - (-11 + -1 + 9)
7
Evaluate 3 + -29 + 751 + -732.
-7
Evaluate -4 + -3 + 17 + 3 - -3.
16
Evaluate -10 + 7 + -5 + (-16 - -17).
-7
(26 - (5 + 48)) + 3 + 2 + -3
-25
Calculate (-19 + -1 - 0) + -92 + (-70 - -154).
-28
What is -11 + 0 + (1 - -20) + 232 + -229?
13
What is the value of 11 - ((3 + -1 - (8 + -1)) + 4)?
12
What is -14 + 10 - (-8 + 10)?
-6
What is 12 + -10 + (12 + -9 - -14)?
19
Evaluate 28 - (-44 - -46 - -36).
-10
Evaluate 2 + -2 - (-167 - -154).
13
What is 74 + -54 - (0 + 23)?
-3
What is (1 - (4 - 9)) + 10 + 5 + -32?
-11
(23 - (1 + 2) - (-14 + 24)) + 10
20
Calculate -9 + (8 - -18) + -19 + -31.
-33
14 + (3 + -9 + 14 - 14) - 14
-6
What is the value of (-2 - (-1 + 2)) + (3 - (2 + 7))?
-9
Evaluate -2 + (-1 - -20) - (28 - (2 - -23)).
14
What is (3 - 7) + (0 - (-6 + 19))?
-17
Calculate -23 + (-6 - 2) - (-6 - (1 - 0)).
-24
What is 5 + -15 + 23 - 18?
-5
Calculate -2 + 8 - (-33 + 5).
34
What is -3 + (0 - 2 - (-1 + (1 - -3)))?
-8
Calculate -1 + -11 + (-4 - -9).
-7
1 - (-6 + -8 + 16) - -8
7
Evaluate 42 + -43 + (-2 - -2) - 10.
-11
What is the value of -5 + 2 - (0 + 16) - (37 + -33)?
-23
1 + (6 + -4 - 8) + -7
-12
Evaluate -28 + 9 + -8 + 15.
-12
What is the value of 17 + -36 + 26 - -1?
8
Calculate -12 + 0 + 2 - (4 - 8).
-6
Calculate -1 - -4 - (-41 + 24).
20
What is -46 + 40 + (-10 - -7) + 2 + 4?
-3
Calculate -12 + 9 + 13 + -28 + (17 - 2).
-3
-27 - -18 - (4 + -8)
-5
-1 + -1 + (1 - (-11 + -8) - 9)
9
What is (-7 - -27 - -17) + -33?
4
What is the value of (-1 - 0) + 0 + 662 + -626?
35
25 - ((-6 - -33) + -2)
0
What is 23 + (-11 - (-11 + 11)) - 9?
3
What is the value of 15 + (17 - 2 - 20)?
10
What is the value of (-23 + 0 + 3 - 0) + 197 + -200?
-23
Calculate -2 - (-2 + 3 + 0 + -8 + 11).
-6
Calculate 1 + 13 + 20 - 42.
-8
Calculate 18 + 0 + -6 + (-10 - (12 + -23)).
13
Calculate -1 + -13 + (509 - 482).
13
What is the value of 25 - 32 - (0 - (2 + 35 + -6))?
24
Calculate 5 + (0 - 5) - -7 - (31 + -14).
-10
Calculate -6 - (3 - 1 - (-5 + 7 + 7)).
1
6 + 4 + 2 + (-19 - -15)
8
Evaluate -5 - ((-5 - 8) + 12).
-4
What is 18 - (-1 + 20) - (-1 - (3 - 3))?
0
Evaluate -117 + 147 + -6 + -33.
-9
What is 26 + (86 + -102 - (5 + -3 - 10))?
18
-3 - (1 - -2) - -20
14
-36 + 12 + 10 + 3 + 38
27
What is the value of -2 + (16 - 0) + -15?
-1
What is the value of 1 - 6 - ((3 - 1 - 7) + -1)?
1
Evaluate -3 + (41 - 1) + -7 + (-3 - -3).
30
Evaluate -13 + 1 + (3 + -8 - -7).
-10
Calculate 32 + -4 + (-42 - 0).
-14
-1 + -5 - (-25 - (-6 - (6 + -6)))
13
What is the value of (-407 - -409) + (2 - (3 - 2))?
3
Evaluate -21 + 8 + (-5 - -12).
-6
-24 + 2 - (-9 + (12 - 1) + -4)
-20
(26 - 16 - (17 - 2)) + -8
-13
3 - (-31 + 45 + -16)
5
Calculate 11 + -5 + (3 - -3).
12
Evaluate (-29 - -30) + (0 - 8) - (-16 - -6).
3
Calculate (0 - 20) + -40 + 104 + -74.
-30
What is 46 + -13 + 13 + -73?
-27
Calculate 4 + -61 + (10 - -18).
-29
(-7 + 1 + -18 + 18 - -12) + -35
-29
What is the value of 13 - (-10 + (-17 - (-21 - 4)))?
15
Evaluate 20 + (-45 - -20) - (-2 + 0 - -7).
-10
-38 + (-14 - -20) + 27
-5
What is (33 + -27 - (18 + 1)) + (1 - 1)?
-13
What is the value of 53 + -61 - (1 + 2)?
-11
What is -17 + -2 - (11 + -4 + -5)?
-21
Calculate -23 + (-13 - -32) + -9.
-13
What is (3 - 51 - -47) + (-1 - 1 - 17)?
-20
What is the value of 4 - ((-7 - 2 - -7) + 0)?
6
Calculate -11 + 7 - 6 - (-25 + 19).
-4
Calculate 14 + -20 - (-18 + -2).
14
What is the value of 34 - 2 - (-561 - -575)?
18
Evaluate -3 + (1 - -3) + (6 - (-6 + 18)).
-5
Evaluate 27 + -42 + -5 + 7 + 1.
-12
What is 31 + 8 + -45 - -2?
-4
What is -3 + (7 + 3 - (0 + 6)) + 4?
5
Calculate 30 - 28 - (-3 - -5) - 17.
-17
What is the value of -21 + 38 - (6 + 0)?
11
Evaluate -3 + (-20 - 5) - -17.
-11
2 + 3 - (21 + (-17 - 12))
13
What is -8 - 2 - (-114 + 123 + (-9 - 0))?
-10
What is -13 - (-14 + -3 + 12)?
-8
-1 + 10 - 1 - (7 + 0)
1
18 - 11 - 18 - (-1 - 1) - 6
-15
What is the value of -254 + 238 + 41 + -3?
22
What is -31 - -42 - (0 + -1 + (9 - 4))?
7
Calculate -54 + (2 - -26) - -14.
-12
Calculate (2 + 2 - 18) + (337 - 316).
7
Calculate 0 - (-10 + 1 + 52 + -53).
10
Calculate -13 + 16 + -13 + 10.
0
Evaluate 14 + -2 + -18 + 18.
12
Calculate -8 - (-5 + -5 + -6) - 4.
4
What is -290 + 315 - (0 + 15)?
10
What is the value of -4 + (5 + 3 - -3 - 6) + 6?
7
What is 3 + (-5 - 2) - (-1 - (13 + -20))?
-10
-2 - -7 - (-118 - -120)
3
(142 - 147) + 1 + 2 + -22 + 15
-9
-8 - 2 - (-1 - -3) - (619 + -609)
-22
Calculate (18 - 3) + (29 - 45).
-1
Evaluate 1 - ((-8 - -4 - -6) + -1) - -3.
3
Calculate 1 + (1 - -13) - 5.
10
Evaluate 10 + 3 - 0 - 17.
-4
Calculate (15 - 20) + 3 + -16 - (0 + -7).
-11
Calculate -25 - ((-6 - (5 + -12)) + -3 + -6).
-17
What is the value of 30 + -2 - (32 + -7)?
3
What is the value of 0 + -1 - (-4 + 12) - (13 + -12)?
-10
What is the value of 0 - 5 - ((27 + -6 - 10) + 8)?
-24
What is 1 - (-2 - 13) - (7 - (2 + 1))?
12
What is the value of -1 + -2 + 5 - ((-22 - -9) + 35)?
-20
10 + -2 - (2 - (-4 + (4 - -1)))
7
What is the value of (-4 - ((6 - (13 + 7)) + 9)) + 11?
12
What is the value of 81 - 78 - (0 - (-3 - -2 - -6))?
8
What is the value of (9 - (6 + 22)) + (-7 - -63)?
37
(294 - 321) + (-1 - -13)
-15
Evaluate 14 + ((-4 - 6) + 6 - -5).
15
(5 - (-8 - (2 - 18))) + 10
7
What is -4 - (-6 - 0) - (-10 + (1 - -3))?
8
Evaluate 